pose -2*w - 8*t = -4*t - 320, 3*t = -3*w + 465. List the prime factors of w.
2, 3, 5
Let c = 0 + 4. Suppose -r + 3*r - 300 = -4*i, -c*i - 4*r + 304 = 0. Suppose -14 = 4*g - i. What are the prime factors of g?
3, 5
What are the prime factors of ((-100)/(-15))/((-1)/(-12))?
2, 5
Suppose 5*o + 10 = -2*i, 2*o = i - 2*o - 21. Suppose -4*h - 4 = 0, 5*s + i*h = 35 - 5. List the prime factors of s.
7
Let o(u) = 3*u - 4. Let s(a) = -a**2 - 4*a + 2. Let d be s(-4). List the prime factors of o(d).
2
List the prime factors of 66*(-21)/(-9)*1.
2, 7, 11
Let i(l) = 76*l - 4. What are the prime factors of i(1)?
2, 3
Let s = -26 - -41. List the prime factors of s.
3, 5
Suppose -3*g = -3*h + h + 3, 4*h = -g + 13. Suppose -2*l + h = -l. Suppose 0 = -l*n - 9, -3*m + 5 - 2 = 4*n. What are the prime factors of m?
5
Let y(h) = h + 5. Let s be y(-3). Suppose -s*q + q = -3. List the prime factors of 11/2 + q/(-6).
5
Let k be (-32)/(-10) + 1/(-5). Suppose 2*a - k*f = -6*f + 10, 0 = 3*a + 2*f - 10. List the prime factors of a.
2
Suppose -3*q + 23 - 8 = 0. Let d = 12 - q. Suppose 27 = -4*h + d*h. List the prime factors of h.
3
Suppose 0 = -3*t - 3, 2*p - p - 3*t - 39 = 0. What are the prime factors of p?
2, 3
Let z be 8/6*9/6. Suppose -z*t - 48 = -5*t. What are the prime factors of t?
2
Suppose 3*v = -v + 8. What are the prime factors of v?
2
Suppose -5*n + 24 = 2*c - n, 3*c - 8 = n. List the prime factors of c.
2
Let y = -2 + 2. Suppose -1 - 7 = -4*j, -5*q - 2*j - 11 = y. Let s(w) = -4*w + 3. What are the prime factors of s(q)?
3, 5
List the prime factors of 2 + (-2)/((-2)/21).
23
Let u = 2 - 0. Suppose -16 = 4*c + 3*s + 11, -4*c - 5*s - 21 = 0. Let y = u - c. What are the prime factors of y?
11
Suppose v = -3*n + 213, 2*n + 7*v - 129 = 2*v. List the prime factors of n.
2, 3
What are the prime factors of 4 + 0 - (-1328)/4?
2, 3, 7
Suppose 0*g - 5*g + 30 = 0. Let f(x) = x**2 - 3*x - 8. Let u be f(g). Suppose 2 = 4*t - u. List the prime factors of t.
3
Let d = 5 + -2. Suppose -d*n - t = n + 59, 2*n = -4*t - 40. What are the prime factors of 237/21 - (-4)/n?
11
Let x(q) = -q**3 - 4*q**2 + 2. Let l be x(-4). Suppose -2*a + 2*m + l*m = 0, 20 = -5*m. What are the prime factors of 1 + -2 + -1 - a?
2, 3
Let z(c) = -c**2 - 2*c + 3. Let t be z(-3). Suppose t = 3*k, 8*k - 3*k = -n + 21. List the prime factors of n.
3, 7
Suppose -s - 4*s = -190. What are the prime factors of s?
2, 19
What are the prime factors of 140 - (-1 - 3)/4?
3, 47
What are the prime factors of (-42)/126 - 889/(-3)?
2, 37
Let q(b) = -53*b**3 - b**2 - b - 1. Let u be q(-1). Let z = u + -30. List the prime factors of z.
2, 11
Let q(x) = 3*x**2 + x + 2. Let j be q(-4). What are the prime factors of (-2)/(-5) + j/10?
5
Suppose -4 - 28 = -4*u. Let x(a) = -a**2 + 8*a + 4. List the prime factors of x(u).
2
Suppose 5*n = 3*a - 29 - 234, 5*a = -4*n + 426. List the prime factors of a.
2, 43
Suppose 0 = 2*z - 1 - 7. Suppose -z*l + 6*r + 25 = r, -l = 4*r + 20. Let c = 4 - l. What are the prime factors of c?
2
Let f = -3 - 3. Let b be 4/2 + (-5 - f). Suppose -5 = -5*r + 5*h, 3 = -r + b*h + 2*h. What are the prime factors of r?
2
Let y = -67 - -159. What are the prime factors of y?
2, 23
Suppose 2*q - 2 = -2*d - 0, -4*q - 6 = -d. Let w(a) = d + 3*a - 3 + 2. List the prime factors of w(2).
7
Suppose -2*a = 4*m - 70, -4*m + a + 76 = 5*a. What are the prime factors of m?
2
Let t(d) = 5*d - 10. Let m be t(7). Let j = m - -5. List the prime factors of (-1)/(2 + j/(-14)).
7
Let b = 1 - 1. List the prime factors of -2 + 2 + b - -7.
7
Suppose 2*s - 6*s + 12 = 0. Let r be s + -2 - (1 - 2). What are the prime factors of (2/(-2))/(r/(-26))?
13
Let q(k) = 9*k**2 - 1. Let t(v) be the third derivative of v**5/60 + v**4/8 + v**3/2 - 2*v**2. Let i be t(-2). What are the prime factors of q(i)?
2
Let o be 0*1/(-4) + 1. What are the prime factors of 0 + (o - -16*2)?
3, 11
Let d(u) be the third derivative of u**4/24 - u**3/2 + 6*u**2. Let g(v) = -v**3 + 4*v**2 + v + 5. Let j be g(4). What are the prime factors of d(j)?
2, 3
Let n(z) = z**3 - 5*z**2 - 5*z + 7. Let g be n(6). Let t(o) = o + 5. List the prime factors of t(g).
2, 3
Let s be 2/(-8) + (-119)/(-28). Suppose s*z = -3*k - 0*z + 17, 3*k + z = 11. What are the prime factors of k?
3
Let u = -81 - -135. List the prime factors of u.
2, 3
Suppose 5 + 1 = 3*v, 4*d + 3*v - 22 = 0. Suppose 2*a - d*a = -30. Let w = a - 6. List the prime factors of w.
3
Suppose 4*w - 10 = 18. Suppose -2*s + 7 = -w. List the prime factors of s.
7
Suppose -4*h = -5*r - 47, -2*r - 2*r = -20. What are the prime factors of h?
2, 3
Let a(f) = -2*f. Let z be (-2 - 0)*(-1)/2. Let h be a(z). List the prime factors of 14 - (0 + 0)/h.
2, 7
Let q(w) = -w**3 - 24 - 18*w - 17*w**2 - 1 + 6. What are the prime factors of q(-16)?
13
Suppose l = 3*l - 32. Suppose 0 = 2*a + 2*a - l. Suppose 0 = 4*p - 2*p - a. What are the prime factors of p?
2
Suppose 2*p - 18 = 36. List the prime factors of p.
3
Suppose -4*a - 141 = -5*a + 4*j, j - 600 = -5*a. What are the prime factors of a?
11
Let m(b) = -2*b - 1. Let n be m(-1). Let g(z) = 15*z**3 - z**2 + z - 1. What are the prime factors of g(n)?
2, 7
Let j(v) = -4*v + 9. Let t be j(8). Let k = 20 - t. Suppose -l - 2*l - 49 = -2*u, 4*u + 5*l - k = 0. List the prime factors of u.
17
Let v(t) = -t**3 + 6*t**2 - 6*t - 6. Let r be v(6). Let a = r - -63. What are the prime factors of a?
3, 7
Suppose 3*q - 23 = p, 0 = q - 0*q + 4*p + 14. Suppose -q = -2*a + 5*a, -16 = -4*k + 4*a. List the prime factors of k.
2
Suppose 4*a = 3*f + 527, 331 = 4*a - f - 186. List the prime factors of a.
2
Suppose -5*z + 6*a - 2*a + 535 = 0, 0 = -5*a. List the prime factors of z.
107
Let x = -40 - -95. Let i be -1 + 1/(2 - 1). Suppose 0*b - 5*b + x = i. What are the prime factors of b?
11
Suppose -m + 26 + 9 = 0. Suppose 0 = 4*f + f - t - 44, t = 4*f - m. What are the prime factors of f?
3
Let g be (0/(-3))/(1/(-1)). Let n be 2 + (0 + 2)*-3. Let q = g - n. List the prime factors of q.
2
Suppose w - 2 = -q, 3*q = -2*w - 0*q + 4. Suppose -w*y - 44 = -7*y - 3*k, -11 = -2*y + k. List the prime factors of y.
7
Suppose 0 = -3*r - 0*w + 5*w + 106, 5*r = -5*w + 110. Let q = r - 15. What are the prime factors of q?
2, 3
Let a = 169 - 99. Let k be (-12)/16 - a/(-8). Suppose -v = -2*v + k. List the prime factors of v.
2
Let k(q) = -q**3 - q**2 + 2*q. Let h(g) = -2*g**2 - 2*g + 1. Let z be h(1). List the prime factors of k(z).
2, 3
List the prime factors of 6/8 - (-42)/8.
2, 3
Let s(m) be the third derivative of 1/12*m**4 + m**2 + 0*m - 1/2*m**3 + 0. What are the prime factors of s(4)?
5
Let p(s) = s**2 + 0*s**2 + 17 - 1. List the prime factors of p(0).
2
Suppose -58 - 66 = -2*x - 3*u, 5*x - 317 = -4*u. What are the prime factors of x?
5, 13
Suppose -32 = -h + 16. List the prime factors of h.
2, 3
Suppose -3*f - 62 = -4*f. List the prime factors of f.
2, 31
Let o(m) = 2*m**2 - 7*m + 14. Let w = 18 + -12. What are the prime factors of o(w)?
2, 11
Let d = 11 - 5. List the prime factors of d.
2, 3
Let m be 8/(-12)*51/(-2). Suppose 0 = -3*w + m - 5. Suppose 2*x - 17 = -5*c, 5*c = 3*x - w*x + 11. List the prime factors of x.
2, 3
Let l(o) = o**2 - 5*o + 11. List the prime factors of l(9).
47
Let n(b) = 2*b**2 + 19*b + 3. List the prime factors of n(-11).
2, 3
Let d = -1 - -1. Suppose -5*v + 4*h - 15 = d, -4*h + 22 = -2*v + 4*v. List the prime factors of v/((-2)/(-2)) - -1.
2
Suppose 0 = -5*p - 0*q + 4*q + 94, 0 = 4*p - 3*q - 75. What are the prime factors of 6/p - (-58)/6?
2, 5
Suppose 270 = -k + 7*k. What are the prime factors of k?
3, 5
Let n be (-3)/6 - (-2)/4. Suppose 2*r + 4*t = -0*t + 24, n = -r - t + 9. List the prime factors of r.
2, 3
Let r = 43 - 60. Let n = -10 - r. What are the prime factors of n?
7
Let o = -6 + 9. Let w be 3*o*2/(-9). What are the prime factors of (-1 + 12)*(-2)/w?
11
Suppose -5*l = 4*d - 2*d + 7, -3*l + 2*d - 17 = 0. List the prime factors of (40/(-12) - 2)*l.
2
Suppose 3*c + 30 = c. Let s = -8 - c. What are the prime factors of s?
7
Suppose 3*j - 27 = -3*s, 16 + 4 = 4*j. Suppose -q - 4 = -5*l, -2*q - 3*q = s*l - 38. List the prime factors of ((-3)/q)/(3/(-72)).
2, 3
Let n(h) = -6*h + 1. Let u be n(2). Let c = 20 + u. What are the prime factors of c?
3
Suppose -2*x - 448 = -4*u, 5*x = 6*u - u - 555. 